- b - 5, 13 = -3*g - 4*b. Calculate the greatest common factor of 1 and g.
1
Suppose 5*f - 3*i = 67, 3*f + 2*f = 2*i + 63. What is the highest common divisor of 143 and f?
11
Suppose w - 136 = -4*y + 3*y, -264 = -2*y - 4*w. Let z be (-60)/y*(3*-2 + -1). Calculate the greatest common factor of 24 and z.
3
Let m be 3 - 2 - (-115 - -6). Let f = m - 50. What is the highest common divisor of 20 and f?
20
Suppose 2*q + 119 = 155. What is the highest common divisor of 117 and q?
9
Suppose 0 = -17*c + 16*c - 34. Let s be 2 + 0 - (28 + c). Calculate the highest common divisor of s and 44.
4
Let v = 754 - 204. Calculate the greatest common divisor of v and 55.
55
Let t = -190 - -227. Let p(n) = -n**3 + 4*n**2 + 2. Let g be p(5). Let k = g + t. What is the highest common factor of 126 and k?
14
Suppose 2*t - 3*t + 368 = -2*r, -t + 3*r + 368 = 0. Calculate the greatest common factor of t and 16.
16
Suppose -31 + 115 = -4*r. Let q = r + 21. Suppose 0 = y - 2*v - 30, q*y - y - 3*v = -30. What is the greatest common divisor of y and 10?
10
Suppose -2*n = 3*n - 270. Let o = n - 53. What is the highest common factor of o and 13?
1
Let l = 263 + -258. What is the highest common divisor of l and 80?
5
Let w = -20 - -685. Calculate the greatest common divisor of w and 57.
19
Suppose 3*k + 66 = 5*l, -5*l = 16*k - 13*k - 84. Let m = -3 + 2. Let p be m*(-10)/(4/2). Calculate the highest common divisor of l and p.
5
Suppose -4*k = -146 + 22. Suppose 66*q = 6347 + 3883. What is the greatest common divisor of k and q?
31
Let r(n) = 2 + 10*n - 2*n + 3*n + 9 - n**2. Let f be r(11). Let s(b) = -b**2 + 12*b - 3. Let q be s(f). Calculate the highest common divisor of q and 16.
8
Suppose -1211*l - 3444 = -1223*l. Calculate the greatest common divisor of 697 and l.
41
Let b(m) = 2*m**3 - 94*m**2 + 112. Let f be b(47). Calculate the highest common divisor of f and 504.
56
Let n be ((-98)/(-21))/((-3)/36*-2). Suppose -2*g + 5*g = 21. Calculate the greatest common divisor of n and g.
7
Suppose 2*u - 2 = 0, 4*h - 10*u = -12*u + 166. What is the highest common factor of h and 656?
41
Let r(b) = b**2 - b + 2. Let w be r(1). Suppose 0 = w*v - 18 - 6. Calculate the highest common factor of 4 and v.
4
Let c(i) = 2*i**2 + 4*i - 3. Let v be (-6)/10 + 36/10. Let b be c(v). Calculate the highest common factor of b and 135.
27
Suppose -3*f = -0*f - 378. Let s(z) = 3*z**2 + 2. Let k be s(-3). Let v = k + -15. What is the greatest common factor of f and v?
14
Suppose -2*s + s - 2*w - 9 = 0, -3*w = -2*s + 17. What is the highest common divisor of s and 121?
1
Let q = -123 - -125. Suppose -9 = -4*w + 3*c, -3*w + 24 = q*c - 4. What is the highest common factor of w and 6?
6
Let c(b) = 51*b + 5. Let t be c(4). Let r(h) = -194*h - 563. Let y be r(-3). What is the greatest common factor of t and y?
19
Let r = 20 - 9. Let c be (-4)/(-26) - (3175/(-65) - 5). Suppose 2*h + c - 76 = 0. Calculate the greatest common divisor of r and h.
11
Suppose 13*x - 15 = 102. Suppose -u = -4*l - x, 7*u + 3*l - 2 = 6*u. What is the highest common divisor of u and 2?
1
Let n be -3 + 0 - (-115)/5. Let z be 1/(-9 + 5 - (-34)/8). Calculate the greatest common factor of z and n.
4
Let o = 42 - 26. Suppose -a = -4*d + 17, 3*a = -3*d + d + 5. What is the highest common divisor of d and o?
4
Let o(d) = 5*d**2 + 9*d - 15. Let g be o(4). Suppose 4*w + 25 = g. Calculate the highest common factor of 95 and w.
19
Let c(y) = -39*y - 345. Let n be c(-9). What is the greatest common divisor of 1698 and n?
6
Let s = -31 - -4. Let b = s + 30. Calculate the highest common factor of b and 2.
1
Suppose -2*s = -4, -f + 9 = 4*s - 0*s. Calculate the highest common divisor of 9 and f.
1
Let s(f) = -f - 8. Let p be s(-11). Let q be 2/7 - (-1307)/7. Let k be 1/3*q*p. Calculate the highest common factor of k and 17.
17
Suppose s + 11 = -5*d, 4*d = -3*s + d + 3. Let v be ((-2)/(-4))/(2/s). Let l(f) = -f - 39. Let g be l(-43). What is the highest common factor of v and g?
1
Let l = -1072 + 1167. Calculate the greatest common factor of 76 and l.
19
Let x(i) = i**2 - 11*i + 17. Let z be x(9). Let u be (273/(-65))/(z/45). What is the greatest common factor of u and 27?
27
Let j be 0 - 1 - 5340/(-10). What is the greatest common divisor of j and 41?
41
Suppose 0 = 5*k, -15*s + 550 = -10*s - 2*k. What is the greatest common factor of 20 and s?
10
Let i(c) be the third derivative of -c**6/120 - c**5/10 - 7*c**4/24 - c**3/2 - 17*c**2. Let u be i(-6). What is the highest common divisor of u and 13?
13
Suppose -2*t = -0 - 2. Let j be -2*(-1)/(-2) + t. Suppose j = -3*d - 0*d + 72. What is the highest common factor of 8 and d?
8
Suppose -2*p - 760 = -0*p. Let m = p - -787. What is the highest common factor of m and 37?
37
Let a(p) = p**3 + 3*p**2 - 2. Let c be a(2). Let f(z) = 19*z + 3*z**2 - z**2 - 22*z + 0 + 1. Let u be f(-4). Calculate the highest common divisor of c and u.
9
Let i(j) = j**2 - 9*j + 4. Let y be i(8). Let u = y + 4. Suppose -4*z + 0*n + 114 = 2*n, n - 3 = u. What is the highest common divisor of 9 and z?
9
Suppose 3*a = -f + 9217, 3073 = -5*a + 6*a + f. What is the greatest common divisor of 12 and a?
12
Suppose 0 = -32*r + 35*r - 7812. What is the greatest common factor of r and 84?
84
Let g be 4 - (-2 + 2 - 2). Let c = 18 - 0. Suppose -9 = -3*h + c. What is the highest common divisor of g and h?
3
Let j(y) = -27*y + 253. Let c be j(-24). What is the greatest common factor of 17 and c?
17
Let x(i) = -i**2 + 5*i + 7. Let h be x(5). Suppose 3 = -2*c + h. Let l be (-15 + -10)*(-2)/5. Calculate the greatest common factor of l and c.
2
Suppose b = 5*i + 28, 0 = -b + 3*b - 3*i - 70. Suppose -b = -5*t + 12. What is the highest common factor of t and 80?
10
Suppose -2*d - 3*d - 1 = 4*v, 0 = -4*d - 3*v. Calculate the greatest common divisor of d and 3.
3
Let g be 1*1/(-2) + 45/6. Suppose 0 = -g*l - 17 + 101. Calculate the greatest common divisor of 8 and l.
4
Suppose c - 320 = -2*m, 2*c - 640 = m - 4*m. Let k = c + -89. Calculate the highest common factor of 33 and k.
33
Suppose -5*g = -23 - 67. Let s be (-5 - -4)*(-1 + 0). Suppose -3*h + s = -l + 76, 5*h = -2*l + 205. What is the greatest common factor of l and g?
18
Let p(j) = 15*j**3 - 3*j**2 + 9*j + 1. Let w be p(3). What is the highest common divisor of w and 42?
14
Let a(z) = z**3 - z**2 + z - 29. Let q be a(0). Let n = -27 - q. What is the greatest common divisor of 4 and n?
2
Let j(r) = 36*r - 6. Let f be j(2). What is the highest common factor of f and 88?
22
Let w = 16 - 9. Let m = w + -2. Suppose -m*d = -3*y + 25 - 5, -y + 5*d - 10 = 0. What is the highest common divisor of 60 and y?
15
Let g = -23 + 16. Let v(q) = -q**3 - 4*q + 5 + 2 - 3*q + 3*q - 7*q**2. Let n be v(g). What is the greatest common divisor of 14 and n?
7
Suppose 20 = 3*f + f. Suppose 4*v = 2*z + 15 - 9, 0 = -5*z + 15. Suppose f = h + v. Calculate the highest common factor of h and 14.
2
Let i be -18*((-8)/(-6) - 4). Let n be i/18 + (-2)/3. Suppose -n*y + 78 = 2*j, -y - 81 = -3*y + j. Calculate the highest common divisor of y and 20.
20
Let b(c) = 44*c - 4. Let q(x) = -x + 1. Let h = 9 - 10. Let v(n) = h*b(n) - 8*q(n). Let j be v(-3). What is the highest common factor of j and 13?
13
Let h(v) = -4*v**2 + 36*v - 14. Let a be h(8). Let r(c) = 5*c**2 + 2*c. Let b be r(-2). Let j = 43 - b. Calculate the highest common factor of j and a.
9
Let g be 4/(-14) + 3003/49 + 4. Suppose 0 = 3*t - g + 5. Calculate the highest common divisor of 140 and t.
20
Let k be (-6)/1 + 2 + 17/1. Suppose -4*h = 5*t - 26, h - k = -2*t - 5. Calculate the highest common factor of h and 14.
2
Suppose 0*u + u + 12 = 0. Let c = u - -17. Suppose c*t - 60 - 15 = 0. What is the highest common divisor of 15 and t?
15
Let a be ((-2)/(-4))/(13/468). Let m be (2/7)/((-26)/(-182)). Calculate the highest common divisor of a and m.
2
Let f(i) = i**2 + 10*i - 18. Let o be f(-12). What is the highest common factor of 27 and o?
3
Suppose -128 = -c + 5*l, 5*c + l + l = 748. What is the highest common divisor of 8 and c?
4
Let j(m) = 5*m + 1. Let p = -17 + 18. Let q be j(p). What is the greatest common factor of 48 and q?
6
Let f be (-966)/10*(-580)/174. Calculate the greatest common divisor of 63 and f.
7
Suppose 19*b = 4112 + 334. What is the highest common 